 common factor of 3336 and 208312.
8
Calculate the highest common divisor of 74106617 and 38545.
7709
Calculate the greatest common factor of 1132974969 and 21.
21
What is the highest common factor of 188128831 and 20697?
6899
Calculate the highest common factor of 1428724994 and 46.
46
What is the greatest common divisor of 6599196 and 228?
12
What is the highest common factor of 429306756 and 12?
12
What is the highest common factor of 494 and 22211800?
26
Calculate the highest common factor of 4034962 and 1115.
223
What is the highest common divisor of 35989 and 12852?
17
Calculate the greatest common divisor of 32243 and 21869.
19
Calculate the highest common divisor of 41 and 1795310009.
41
Calculate the greatest common divisor of 5651640 and 840.
120
Calculate the greatest common factor of 528540 and 114.
6
What is the highest common factor of 4026090 and 11610?
1290
Calculate the greatest common divisor of 109457074 and 6454.
922
What is the greatest common factor of 83680 and 105440?
160
Calculate the greatest common factor of 175 and 440419.
7
What is the highest common divisor of 6400 and 17601280?
1280
Calculate the highest common factor of 121776 and 11456.
16
What is the greatest common factor of 928 and 66235072?
928
What is the highest common divisor of 27209797 and 59?
59
Calculate the highest common divisor of 69092 and 46414.
46
Calculate the greatest common factor of 6392914 and 484.
242
What is the highest common divisor of 23715 and 18608625?
765
What is the highest common factor of 273068 and 2073161?
3593
Calculate the greatest common factor of 234252 and 448956.
108
Calculate the greatest common divisor of 1693696 and 203442.
1654
What is the highest common divisor of 103457143 and 74?
37
Calculate the greatest common divisor of 112 and 8771408.
16
What is the highest common factor of 696538893 and 678?
339
Calculate the highest common divisor of 26187932 and 1364.
124
Calculate the greatest common divisor of 36544 and 119744.
64
Calculate the greatest common factor of 1130 and 29663630.
1130
Calculate the greatest common factor of 70941248 and 192.
64
What is the greatest common factor of 3707 and 86845?
11
What is the highest common factor of 7 and 42049?
7
Calculate the greatest common factor of 229522752 and 384.
192
What is the highest common divisor of 99 and 1610576?
11
Calculate the greatest common factor of 504 and 588616.
56
What is the greatest common factor of 355124 and 5446?
14
Calculate the highest common divisor of 37924689 and 231.
33
Calculate the highest common factor of 5170 and 62867905.
235
Calculate the greatest common factor of 2348172 and 2016.
36
Calculate the highest common factor of 22 and 701956739.
11
Calculate the highest common divisor of 44704 and 9493.
11
What is the greatest common factor of 5491 and 11741203?
289
What is the greatest common factor of 557512 and 18727?
307
Calculate the highest common divisor of 652523 and 6425.
257
Calculate the highest common divisor of 246923935 and 615.
205
What is the highest common divisor of 14 and 1019522?
14
Calculate the greatest common factor of 27542634 and 1218.
1218
What is the greatest common factor of 340200 and 1875?
75
What is the greatest common divisor of 21609552 and 48?
48
Calculate the greatest common factor of 7498 and 780118.
326
Calculate the highest common divisor of 24491577 and 116518.
2533
What is the highest common divisor of 1235 and 1013220?
65
What is the greatest common factor of 3213798 and 672?
42
What is the greatest common factor of 1558 and 10196331?
779
What is the greatest common divisor of 54 and 321676974?
54
What is the greatest common factor of 1115 and 55006295?
1115
Calculate the greatest common divisor of 295497 and 9.
9
What is the greatest common divisor of 1708665 and 2163?
21
What is the greatest common divisor of 492 and 28055316?
492
What is the highest common divisor of 659308 and 4394?
26
Calculate the greatest common divisor of 809 and 193757118.
809
Calculate the greatest common divisor of 1499398 and 124746.
2446
Calculate the greatest common divisor of 3111 and 551013.
183
What is the greatest common divisor of 121196115 and 405?
135
Calculate the greatest common divisor of 7790 and 1089370.
410
Calculate the greatest common divisor of 445518247 and 89.
89
Calculate the highest common factor of 5 and 2890580110.
5
Calculate the greatest common factor of 11132498 and 26.
26
Calculate the greatest common factor of 17543 and 655769.
53
What is the highest common factor of 5220 and 3407616?
1044
What is the highest common divisor of 3 and 9500241?
3
Calculate the greatest common factor of 26997 and 4.
1
Calculate the highest common factor of 361978456 and 168.
56
Calculate the greatest common divisor of 3060400 and 5.
5
Calculate the greatest common divisor of 112 and 65703106.
14
What is the greatest common factor of 286 and 609088051?
143
What is the highest common factor of 4918051 and 89?
89
What is the greatest common divisor of 23939 and 7178?
37
Calculate the highest common factor of 3165516 and 4992.
12
Calculate the greatest common factor of 1202 and 31708760.
1202
Calculate the greatest common factor of 336304108 and 28.
28
Calculate the highest common factor of 6766050 and 192210.
1290
What is the greatest common divisor of 976 and 42087743?
61
Calculate the highest common factor of 8689154 and 222.
74
Calculate the greatest common divisor of 527248438 and 179.
179
Calculate the greatest common factor of 382052 and 596068.
836
What is the highest common factor of 9000 and 3633840?
360
Calculate the highest common divisor of 8559 and 1176070.
317
Calculate the greatest common divisor of 42849 and 887598.
81
What is the greatest common divisor of 17116350 and 53?
53
Calculate the highest common factor of 129152190 and 20.
10
Calculate the highest common divisor of 32 and 123237456.
16
What is the greatest common divisor of 161978733 and 1494?
747
Calculate the highest common divisor of 193518 and 875979.
117
What is the highest common divisor of 494022 and 137629?
601
Calculate the highest common divisor of 299263 and 115241.
101
What is the greatest common divisor of 396761 and 4042?
43
Calculate the highest common divisor of 1919547 and 63.
63
What is the highest common divisor of 2030864 and 5245?
1049
What is the highest common divisor of 39858 and 6380556?
546
Calculate the highest common factor of 76096446 and 53.
53
What is the greatest common divisor of 235095 and 266958209?
15673
What is the highest common factor of 13567325 and 50?
25
Calculate the highest common factor of 94409456 and 32.
16
Calculate the highest common factor of 767340 and 334660.
580
Calculate the highest common divisor of 3433698 and 7992.
54
Calculate the highest common factor of 1249728 and 342996.
3396
Calculate the greatest common factor of 17698182 and 141069.
2391
What is the greatest common factor of 48 and 17409384?
24
What is the highest common divisor of 10769 and 65043781?
979
Calculate the highest common divisor of 5550 and 2562.
6
Calculate the greatest common divisor of 109291677 and 1089.
363
What is the greatest common factor of 1266119 and 2525811?
6427
What is the highest common factor of 48399 and 1766673?
219
What is the highest common factor of 19740 and 13140260?
6580
What is the greatest common factor of 27 and 404861679?
27
Calculate the highest common factor of 20139666 and 12847.
443
Calculate the greatest common factor of 6006 and 97754657.
1001
What is the greatest common factor of 2971215 and 111540?
195
What is the greatest common divisor of 4864083 and 1304?
163
What is the greatest common factor of 5615118 and 54?
18
What is the highest common divisor of 192 and 187224?
24
Calculate the greatest common factor of 88 and 23601968.
8
Calculate the highest common factor of 910 and 109025150.
130
What is the highest common factor of 1092 and 2898441?
273
Calculate the highest common factor of 64127 and 2653.
7
What is the greatest common factor of 59947 and 1208?
151
What is the highest common divisor of 2147 and 224390?
19
What is the highest common factor of 1195 and 793241?
239
What is the highest common factor of 1068601023 and 4221?
4221
What is the highest common diviso